{"id":1601,"date":"2021-12-29T11:36:05","date_gmt":"2021-12-29T09:36:05","guid":{"rendered":"https:\/\/earuby.com\/?page_id=1601"},"modified":"2021-12-29T11:45:55","modified_gmt":"2021-12-29T09:45:55","slug":"ea-iot-kuenstliche-intelligenz","status":"publish","type":"page","link":"https:\/\/earuby.com\/?page_id=1601","title":{"rendered":"EA IOT K\u00dcNSTLICHE INTELLIGENZ"},"content":{"rendered":"<div data-colibri-id=\"1601-c1\" class=\"style-1540 style-local-1601-c1 position-relative\">\n  <!---->\n  <div data-colibri-component=\"section\" data-colibri-id=\"1601-c2\" id=\"custom\" class=\"h-section h-section-global-spacing d-flex align-items-lg-center align-items-md-center align-items-center style-1541 style-local-1601-c2 position-relative\">\n    <!---->\n    <!---->\n    <div class=\"h-section-grid-container h-section-boxed-container\">\n      <!---->\n      <div data-colibri-id=\"1601-c3\" class=\"h-row-container gutters-row-lg-2 gutters-row-md-2 gutters-row-0 gutters-row-v-lg-2 gutters-row-v-md-2 gutters-row-v-2 style-1542 style-local-1601-c3 position-relative\">\n        <!---->\n        <div class=\"h-row justify-content-lg-center justify-content-md-center justify-content-center align-items-lg-stretch align-items-md-stretch align-items-stretch gutters-col-lg-2 gutters-col-md-2 gutters-col-0 gutters-col-v-lg-2 gutters-col-v-md-2 gutters-col-v-2\">\n          <!---->\n          <div class=\"h-column h-column-container d-flex h-col-lg-auto h-col-md-auto h-col-auto style-1543-outer style-local-1601-c4-outer\">\n            <div data-colibri-id=\"1601-c4\" class=\"d-flex h-flex-basis h-column__inner h-px-lg-2 h-px-md-2 h-px-2 v-inner-lg-2 v-inner-md-2 v-inner-2 style-1543 style-local-1601-c4 position-relative\">\n              <!---->\n              <!---->\n              <div class=\"w-100 h-y-container h-column__content h-column__v-align flex-basis-100 align-self-lg-center align-self-md-center align-self-center\">\n                <!---->\n                <div data-colibri-id=\"1601-c6\" class=\"h-text h-text-component style-1545 style-local-1601-c6 position-relative h-element\">\n                  <!---->\n                  <!---->\n                  <div class=\"\">\n                    <p>ESSENTIAL ARCHIVE SOLUTION<\/p>\n                  <\/div>\n                <\/div>\n              <\/div>\n            <\/div>\n          <\/div>\n          <div class=\"h-column h-column-container d-flex h-col-lg-auto h-col-md-auto h-col-auto style-1544-outer style-local-1601-c5-outer\">\n            <div data-colibri-id=\"1601-c5\" class=\"d-flex h-flex-basis h-column__inner h-px-lg-2 h-px-md-2 h-px-2 v-inner-lg-2 v-inner-md-2 v-inner-2 style-1544 style-local-1601-c5 position-relative\">\n              <!---->\n              <!---->\n              <div class=\"w-100 h-y-container h-column__content h-column__v-align flex-basis-100 align-self-lg-start align-self-md-start align-self-start\">\n                <!---->\n                <div data-colibri-id=\"1601-c7\" class=\"d-block style-1546 style-local-1601-c7 position-relative h-element\">\n                  <!---->\n                  <div class=\"h-image__frame-container-outer\">\n                    <a href=\"https:\/\/www.senseye.io\/de\/\" target=\"_blank\" h-use-smooth-scroll=\"true\" class=\"image-link\" rel=\"noopener\">\n                      <div class=\"h-image__frame-container\">\n                        <!---->\n                        <!---->\n                        <img loading=\"lazy\" decoding=\"async\" width=\"688\" height=\"150\" src=\"https:\/\/earuby.com\/wp-content\/uploads\/2021\/12\/Senseye-W.png\" class=\"wp-image-1603 style-1546-image style-local-1601-c7-image\" alt=\"\" srcset=\"https:\/\/earuby.com\/wp-content\/uploads\/2021\/12\/Senseye-W.png 688w, https:\/\/earuby.com\/wp-content\/uploads\/2021\/12\/Senseye-W-300x65.png 300w\" sizes=\"auto, (max-width: 688px) 100vw, 688px\" \/>\n                        <div class=\"h-image__frame h-hide-lg h-hide-md h-hide-sm style-1546-frameImage style-local-1601-c7-frameImage\"><\/div>\n                      <\/div>\n                    <\/a>\n                  <\/div>\n                <\/div>\n              <\/div>\n            <\/div>\n          <\/div>\n        <\/div>\n      <\/div>\n      <div data-colibri-id=\"1601-c8\" class=\"h-row-container gutters-row-lg-2 gutters-row-md-2 gutters-row-0 gutters-row-v-lg-2 gutters-row-v-md-2 gutters-row-v-2 style-1547 style-local-1601-c8 position-relative\">\n        <!---->\n        <div class=\"h-row justify-content-lg-center justify-content-md-center justify-content-center align-items-lg-stretch align-items-md-stretch align-items-stretch gutters-col-lg-2 gutters-col-md-2 gutters-col-0 gutters-col-v-lg-2 gutters-col-v-md-2 gutters-col-v-2\">\n          <!---->\n          <div class=\"h-column h-column-container d-flex h-col-lg-auto h-col-md-auto h-col-auto style-1548-outer style-local-1601-c9-outer\">\n            <div data-colibri-id=\"1601-c9\" class=\"d-flex h-flex-basis h-column__inner h-px-lg-2 h-px-md-2 h-px-2 v-inner-lg-2 v-inner-md-2 v-inner-2 style-1548 style-local-1601-c9 position-relative\">\n              <!---->\n              <!---->\n              <div class=\"w-100 h-y-container h-column__content h-column__v-align flex-basis-100 align-self-lg-start align-self-md-start align-self-start\">\n                <!---->\n                <div data-colibri-id=\"1601-c20\" class=\"h-text h-text-component style-1559 style-local-1601-c20 position-relative h-element\">\n                  <!---->\n                  <!---->\n                  <div class=\"\">\n                    <p>IIOT UND K\u00dcNSTLICHE INTELLIGENZ<\/p>\n                  <\/div>\n                <\/div>\n              <\/div>\n            <\/div>\n          <\/div>\n          <div class=\"h-column h-column-container d-flex h-col-lg-auto h-col-md-auto h-col-auto style-1549-outer style-local-1601-c10-outer\">\n            <div data-colibri-id=\"1601-c10\" class=\"d-flex h-flex-basis h-column__inner h-ui-empty-state-container h-px-lg-2 h-px-md-2 h-px-2 v-inner-lg-2 v-inner-md-2 v-inner-2 style-1549 style-local-1601-c10 position-relative\">\n              <!---->\n              <!---->\n              <div class=\"w-100 h-y-container h-column__content h-column__v-align flex-basis-100\">\n                <!---->\n              <\/div>\n            <\/div>\n          <\/div>\n        <\/div>\n      <\/div>\n      <div data-colibri-id=\"1601-c14\" class=\"h-row-container gutters-row-lg-2 gutters-row-md-2 gutters-row-0 gutters-row-v-lg-2 gutters-row-v-md-2 gutters-row-v-2 style-1553 style-local-1601-c14 position-relative\">\n        <!---->\n        <div class=\"h-row justify-content-lg-center justify-content-md-center justify-content-center align-items-lg-stretch align-items-md-stretch align-items-stretch gutters-col-lg-2 gutters-col-md-2 gutters-col-0 gutters-col-v-lg-2 gutters-col-v-md-2 gutters-col-v-2\">\n          <!---->\n          <div class=\"h-column h-column-container d-flex h-col-lg-auto h-col-md-auto h-col-auto style-1554-outer style-local-1601-c15-outer\">\n            <div data-colibri-id=\"1601-c15\" class=\"d-flex h-flex-basis h-column__inner h-px-lg-2 h-px-md-2 h-px-2 v-inner-lg-2 v-inner-md-2 v-inner-2 style-1554 style-local-1601-c15 position-relative\">\n              <!---->\n              <!---->\n              <div class=\"w-100 h-y-container h-column__content h-column__v-align flex-basis-100 align-self-lg-start align-self-md-start align-self-start\">\n                <!---->\n                <div data-colibri-id=\"1601-c21\" class=\"h-text h-text-component style-1560 style-local-1601-c21 position-relative h-element\">\n                  <!---->\n                  <!---->\n                  <div class=\"\">\n                    <p>Senseye ist die einzige L\u00f6sung, die&nbsp;skalierbare vorausschauende Wartung&nbsp;bietet. Sie verwendet maschinelles Lernen, um Zustands\u00fcberwachung und Prognostikanalyse durchzuf\u00fchren, ohne dass eine dicke Brieftasche oder ein Team\n                      von Datenanalyse-Experten ben\u00f6tigt werden.<\/p>\n                    <p>Industrielle Vorg\u00e4nge sind, getrieben von Industrie 4.0\/dem Industriellen Internet der Dinge (IIoT), zunehmend autonom. Fabriken enthalten zahlreiche Sensoren, die Echtzeitdaten \u00fcber den Status der Produktion und der Maschinen liefern,\n                      um Vorg\u00e4nge zu optimieren. Willkommen zur vierten Industriellen Revolution.<\/p>\n                    <p>EA Ruby ist Partner der Senseye. Wir bringen Sie mit den kompetenten L\u00f6sungspartnern zusammen.<\/p>\n                  <\/div>\n                <\/div>\n              <\/div>\n            <\/div>\n          <\/div>\n          <div class=\"h-column h-column-container d-flex h-col-lg-auto h-col-md-auto h-col-auto style-1555-outer style-local-1601-c16-outer\">\n            <div data-colibri-id=\"1601-c16\" class=\"d-flex h-flex-basis h-column__inner h-ui-empty-state-container h-px-lg-2 h-px-md-2 h-px-2 v-inner-lg-2 v-inner-md-2 v-inner-2 style-1555 style-local-1601-c16 position-relative\">\n              <!---->\n              <!---->\n              <div class=\"w-100 h-y-container h-column__content h-column__v-align flex-basis-100\">\n                <!---->\n              <\/div>\n            <\/div>\n          <\/div>\n        <\/div>\n      <\/div>\n      <div data-colibri-id=\"1601-c17\" class=\"h-row-container gutters-row-lg-2 gutters-row-md-2 gutters-row-0 gutters-row-v-lg-2 gutters-row-v-md-2 gutters-row-v-2 style-1556 style-local-1601-c17 position-relative\">\n        <!---->\n        <div class=\"h-row justify-content-lg-center justify-content-md-center justify-content-center align-items-lg-stretch align-items-md-stretch align-items-stretch gutters-col-lg-2 gutters-col-md-2 gutters-col-0 gutters-col-v-lg-2 gutters-col-v-md-2 gutters-col-v-2\">\n          <!---->\n          <div class=\"h-column h-column-container d-flex h-col-lg-auto h-col-md-auto h-col-auto style-1557-outer style-local-1601-c18-outer\">\n            <div data-colibri-id=\"1601-c18\" class=\"d-flex h-flex-basis h-column__inner h-px-lg-2 h-px-md-2 h-px-2 v-inner-lg-2 v-inner-md-2 v-inner-2 style-1557 style-local-1601-c18 position-relative\">\n              <!---->\n              <!---->\n              <div class=\"w-100 h-y-container h-column__content h-column__v-align flex-basis-100 align-self-lg-start align-self-md-start align-self-start\">\n                <!---->\n                <div data-colibri-id=\"1601-c22\" class=\"h-x-container style-1561 style-local-1601-c22 position-relative h-element\">\n                  <!---->\n                  <div class=\"h-x-container-inner style-dynamic-1601-c22-group style-1561-spacing style-local-1601-c22-spacing\"><span class=\"h-link__outer style-1562-outer style-local-1601-c23-outer d-inline-flex h-element\"><a h-use-smooth-scroll=\"true\" href=\"https:\/\/earuby.com\/?page_id=110\"  data-colibri-id=\"1601-c23\" class=\"d-flex w-100 align-items-center h-link style-1562 style-local-1601-c23 position-relative\"><!----><span  class=\"h-svg-icon h-link__icon style-1562-icon style-local-1601-c23-icon\"><!--Icon by Socicon (http:\/\/www.socicon.com)--><svg version=\"1.1\" xmlns=\"http:\/\/www.w3.org\/2000\/svg\" viewBox=\"0 0 1500 1500\">\n\n<path d=\"M799.805 922.852c-14.648 11.719-32.227 20.508-49.805 20.508s-35.156-8.789-49.805-20.508l-700.195-571.289v899.414h1500v-899.414zM750 750c14.648 0 29.297-5.859 41.016-14.648l594.727-486.328h-1271.484l594.727 486.328c11.719 8.789 26.367 14.648 41.016 14.648z\"><\/path>\n<\/svg>\n<\/span> <span>KONTAKT<\/span><\/a>\n                    <\/span>\n                  <\/div>\n                <\/div>\n              <\/div>\n            <\/div>\n          <\/div>\n          <div class=\"h-column h-column-container d-flex h-col-lg-auto h-col-md-auto h-col-auto style-1558-outer style-local-1601-c19-outer\">\n            <div data-colibri-id=\"1601-c19\" class=\"d-flex h-flex-basis h-column__inner h-ui-empty-state-container h-px-lg-2 h-px-md-2 h-px-2 v-inner-lg-2 v-inner-md-2 v-inner-2 style-1558 style-local-1601-c19 position-relative\">\n              <!---->\n              <!---->\n              <div class=\"w-100 h-y-container h-column__content h-column__v-align flex-basis-100\">\n                <!---->\n              <\/div>\n            <\/div>\n          <\/div>\n        <\/div>\n      <\/div>\n      <div data-colibri-id=\"1601-c11\" class=\"h-row-container gutters-row-lg-2 gutters-row-md-2 gutters-row-0 gutters-row-v-lg-2 gutters-row-v-md-2 gutters-row-v-2 style-1550 style-local-1601-c11 position-relative\">\n        <!---->\n        <div class=\"h-row justify-content-lg-center justify-content-md-center justify-content-center align-items-lg-stretch align-items-md-stretch align-items-stretch gutters-col-lg-2 gutters-col-md-2 gutters-col-0 gutters-col-v-lg-2 gutters-col-v-md-2 gutters-col-v-2\">\n          <!---->\n          <div class=\"h-column h-column-container d-flex h-col-lg-auto h-col-md-auto h-col-auto style-1551-outer style-local-1601-c12-outer\">\n            <div data-colibri-id=\"1601-c12\" class=\"d-flex h-flex-basis h-column__inner h-px-lg-2 h-px-md-2 h-px-2 v-inner-lg-2 v-inner-md-2 v-inner-2 style-1551 style-local-1601-c12 position-relative\">\n              <!---->\n              <!---->\n              <div class=\"w-100 h-y-container h-column__content h-column__v-align flex-basis-100 align-self-lg-start align-self-md-start align-self-start\">\n                <!---->\n                <div data-colibri-id=\"1601-c24\" class=\"h-x-container style-1563 style-local-1601-c24 position-relative h-element\">\n                  <!---->\n                  <div class=\"h-x-container-inner style-dynamic-1601-c24-group style-1563-spacing style-local-1601-c24-spacing\"><span class=\"h-link__outer style-1564-outer style-local-1601-c25-outer d-inline-flex h-element\"><a h-use-smooth-scroll=\"true\" href=\"https:\/\/calendly.com\/a-rebetzky\/15min\" target=\"_blank\" data-colibri-id=\"1601-c25\" class=\"d-flex w-100 align-items-center h-link style-1564 style-local-1601-c25 position-relative\" rel=\"noopener\"><!----><span  class=\"h-svg-icon h-link__icon style-1564-icon style-local-1601-c25-icon\"><!--Icon by Socicon (http:\/\/www.socicon.com)--><svg version=\"1.1\" xmlns=\"http:\/\/www.w3.org\/2000\/svg\" viewBox=\"0 0 1500 1500\">\n\n<path d=\"M448.5 334.5c-130.5 0-261 0-390 0-40.5 0-57 15-57 57 0 172.5-1.5 343.5 0 516 1.5 156 109.5 259.5 265.5 259.5 250.5 0 501 0 753 0 51 0 64.5-12 64.5-61.5 0-168 0-334.5 0-502.5 0-162-105-267-267-267-124.5-3-246-1.5-369-1.5zM1500 751.5c0 0 0 0 0 0 0-120 0-241.5 0-361.5 0-18-1.5-36-19.5-45-19.5-10.5-33 4.5-46.5 13.5-1.5 1.5-4.5 3-6 4.5-94.5 76.5-187.5 154.5-282 231-13.5 12-21 24-19.5 42 0 79.5 0 159 0 240 0 18 6 28.5 19.5 39 58.5 45 115.5 91.5 172.5 138 40.5 33 81 66 123 96 31.5 22.5 55.5 10.5 58.5-28.5 0-9 0-18 0-25.5 0-115.5 0-229.5 0-343.5z\"><\/path>\n<\/svg>\n<\/span> <span>ZOOM MEETING<\/span><\/a>\n                    <\/span>\n                  <\/div>\n                <\/div>\n              <\/div>\n            <\/div>\n          <\/div>\n          <div class=\"h-column h-column-container d-flex h-col-lg-auto h-col-md-auto h-col-auto style-1552-outer style-local-1601-c13-outer\">\n            <div data-colibri-id=\"1601-c13\" class=\"d-flex h-flex-basis h-column__inner h-ui-empty-state-container h-px-lg-2 h-px-md-2 h-px-2 v-inner-lg-2 v-inner-md-2 v-inner-2 style-1552 style-local-1601-c13 position-relative\">\n              <!---->\n              <!---->\n              <div class=\"w-100 h-y-container h-column__content h-column__v-align flex-basis-100\">\n                <!---->\n              <\/div>\n            <\/div>\n          <\/div>\n        <\/div>\n      <\/div>\n    <\/div>\n  <\/div>\n<\/div>","protected":false},"excerpt":{"rendered":"<p>ESSENTIAL ARCHIVE SOLUTION IIOT UND K\u00dcNSTLICHE INTELLIGENZ Senseye ist die einzige L\u00f6sung, die&nbsp;skalierbare vorausschauende Wartung&nbsp;bietet. Sie verwendet maschinelles Lernen, um Zustands\u00fcberwachung und Prognostikanalyse durchzuf\u00fchren, ohne dass eine dicke Brieftasche oder ein Team von Datenanalyse-Experten ben\u00f6tigt werden. Industrielle Vorg\u00e4nge sind, getrieben von Industrie 4.0\/dem Industriellen Internet der Dinge (IIoT), zunehmend autonom. Fabriken enthalten zahlreiche Sensoren, die [&hellip;]<\/p>\n","protected":false},"author":1,"featured_media":0,"parent":0,"menu_order":0,"comment_status":"closed","ping_status":"closed","template":"page-templates\/full-width-page.php","meta":{"footnotes":""},"class_list":["post-1601","page","type-page","status-publish","hentry"],"_links":{"self":[{"href":"https:\/\/earuby.com\/index.php?rest_route=\/wp\/v2\/pages\/1601","targetHints":{"allow":["GET"]}}],"collection":[{"href":"https:\/\/earuby.com\/index.php?rest_route=\/wp\/v2\/pages"}],"about":[{"href":"https:\/\/earuby.com\/index.php?rest_route=\/wp\/v2\/types\/page"}],"author":[{"embeddable":true,"href":"https:\/\/earuby.com\/index.php?rest_route=\/wp\/v2\/users\/1"}],"replies":[{"embeddable":true,"href":"https:\/\/earuby.com\/index.php?rest_route=%2Fwp%2Fv2%2Fcomments&post=1601"}],"version-history":[{"count":1,"href":"https:\/\/earuby.com\/index.php?rest_route=\/wp\/v2\/pages\/1601\/revisions"}],"predecessor-version":[{"id":1605,"href":"https:\/\/earuby.com\/index.php?rest_route=\/wp\/v2\/pages\/1601\/revisions\/1605"}],"wp:attachment":[{"href":"https:\/\/earuby.com\/index.php?rest_route=%2Fwp%2Fv2%2Fmedia&parent=1601"}],"curies":[{"name":"wp","href":"https:\/\/api.w.org\/{rel}","templated":true}]}}