{"id":1781,"date":"2022-01-03T18:13:52","date_gmt":"2022-01-03T16:13:52","guid":{"rendered":"https:\/\/earuby.com\/?page_id=1781"},"modified":"2022-01-03T23:18:25","modified_gmt":"2022-01-03T21:18:25","slug":"klimaneutral22","status":"publish","type":"page","link":"https:\/\/earuby.com\/?page_id=1781","title":{"rendered":"KLIMANEUTRAL22"},"content":{"rendered":"<div data-colibri-id=\"1781-c1\" class=\"style-1622 style-local-1781-c1 position-relative\">\n  <!---->\n  <div data-colibri-component=\"section\" data-colibri-id=\"1781-c2\" id=\"custom\" class=\"h-section h-section-global-spacing d-flex align-items-lg-center align-items-md-center align-items-center style-1623 style-local-1781-c2 position-relative\">\n    <!---->\n    <!---->\n    <div class=\"h-section-grid-container h-section-boxed-container\">\n      <!---->\n      <div data-colibri-id=\"1781-c3\" class=\"h-row-container gutters-row-lg-2 gutters-row-md-2 gutters-row-0 gutters-row-v-lg-2 gutters-row-v-md-2 gutters-row-v-2 style-1624 style-local-1781-c3 position-relative\">\n        <!---->\n        <div class=\"h-row justify-content-lg-center justify-content-md-center justify-content-center align-items-lg-stretch align-items-md-stretch align-items-stretch gutters-col-lg-2 gutters-col-md-2 gutters-col-0 gutters-col-v-lg-2 gutters-col-v-md-2 gutters-col-v-2\">\n          <!---->\n          <div class=\"h-column h-column-container d-flex h-col-lg-auto h-col-md-auto h-col-auto style-1625-outer style-local-1781-c4-outer\">\n            <div data-colibri-id=\"1781-c4\" class=\"d-flex h-flex-basis h-column__inner h-px-lg-2 h-px-md-2 h-px-2 v-inner-lg-2 v-inner-md-2 v-inner-2 style-1625 style-local-1781-c4 position-relative\">\n              <!---->\n              <!---->\n              <div class=\"w-100 h-y-container h-column__content h-column__v-align flex-basis-100 align-self-lg-start align-self-md-start align-self-start\">\n                <!---->\n                <div data-colibri-id=\"1781-c5\" class=\"d-block style-1627 style-local-1781-c5 position-relative h-element\">\n                  <!---->\n                  <div class=\"h-image__frame-container-outer\">\n                    <div class=\"h-image__frame-container\">\n                      <!---->\n                      <!---->\n                      <img loading=\"lazy\" decoding=\"async\" width=\"1280\" height=\"434\" src=\"https:\/\/earuby.com\/wp-content\/uploads\/2022\/01\/KlimaNeural-EARUBY.png\" class=\"wp-image-1774 style-1627-image style-local-1781-c5-image\" alt=\"\" srcset=\"https:\/\/earuby.com\/wp-content\/uploads\/2022\/01\/KlimaNeural-EARUBY.png 1280w, https:\/\/earuby.com\/wp-content\/uploads\/2022\/01\/KlimaNeural-EARUBY-300x102.png 300w, https:\/\/earuby.com\/wp-content\/uploads\/2022\/01\/KlimaNeural-EARUBY-1024x347.png 1024w, https:\/\/earuby.com\/wp-content\/uploads\/2022\/01\/KlimaNeural-EARUBY-768x260.png 768w\" sizes=\"auto, (max-width: 1280px) 100vw, 1280px\" \/>\n                      <div class=\"h-image__frame h-hide-lg h-hide-md h-hide-sm style-1627-frameImage style-local-1781-c5-frameImage\"><\/div>\n                    <\/div>\n                  <\/div>\n                <\/div>\n              <\/div>\n            <\/div>\n          <\/div>\n          <div class=\"h-column h-column-container d-flex h-col-lg-auto h-col-md-auto h-col-auto style-1626-outer style-local-1781-c6-outer\">\n            <div data-colibri-id=\"1781-c6\" class=\"d-flex h-flex-basis h-column__inner h-px-lg-0 h-px-md-0 h-px-0 v-inner-lg-0 v-inner-md-0 v-inner-0 style-1626 style-local-1781-c6 position-relative\">\n              <!---->\n              <!---->\n              <div class=\"w-100 h-y-container h-column__content h-column__v-align flex-basis-100 align-self-lg-start align-self-md-start align-self-start\">\n                <!---->\n                <div data-colibri-id=\"1781-c7\" class=\"d-block style-1635 style-local-1781-c7 position-relative h-element\">\n                  <!---->\n                  <div class=\"h-image__frame-container-outer\">\n                    <div class=\"h-image__frame-container\">\n                      <!---->\n                      <!---->\n                      <img loading=\"lazy\" decoding=\"async\" width=\"1194\" height=\"910\" src=\"https:\/\/earuby.com\/wp-content\/uploads\/2022\/01\/VERRA-ZERT.jpg\" class=\"wp-image-1793 style-1635-image style-local-1781-c7-image\" alt=\"\" srcset=\"https:\/\/earuby.com\/wp-content\/uploads\/2022\/01\/VERRA-ZERT.jpg 1194w, https:\/\/earuby.com\/wp-content\/uploads\/2022\/01\/VERRA-ZERT-300x229.jpg 300w, https:\/\/earuby.com\/wp-content\/uploads\/2022\/01\/VERRA-ZERT-1024x780.jpg 1024w, https:\/\/earuby.com\/wp-content\/uploads\/2022\/01\/VERRA-ZERT-768x585.jpg 768w\" sizes=\"auto, (max-width: 1194px) 100vw, 1194px\" \/>\n                      <div class=\"h-image__frame h-hide-lg h-hide-md h-hide-sm style-1635-frameImage style-local-1781-c7-frameImage\"><\/div>\n                    <\/div>\n                  <\/div>\n                <\/div>\n              <\/div>\n            <\/div>\n          <\/div>\n        <\/div>\n      <\/div>\n      <div data-colibri-id=\"1781-c8\" class=\"h-row-container gutters-row-lg-2 gutters-row-md-2 gutters-row-0 gutters-row-v-lg-2 gutters-row-v-md-2 gutters-row-v-2 style-1628 style-local-1781-c8 position-relative\">\n        <!---->\n        <div class=\"h-row justify-content-lg-center justify-content-md-center justify-content-center align-items-lg-stretch align-items-md-stretch align-items-stretch gutters-col-lg-2 gutters-col-md-2 gutters-col-0 gutters-col-v-lg-2 gutters-col-v-md-2 gutters-col-v-2\">\n          <!---->\n          <div class=\"h-column h-column-container d-flex h-col-lg-auto h-col-md-auto h-col-auto style-1629-outer style-local-1781-c9-outer\">\n            <div data-colibri-id=\"1781-c9\" class=\"d-flex h-flex-basis h-column__inner h-px-lg-2 h-px-md-2 h-px-2 v-inner-lg-2 v-inner-md-2 v-inner-2 style-1629 style-local-1781-c9 position-relative\">\n              <!---->\n              <!---->\n              <div class=\"w-100 h-y-container h-column__content h-column__v-align flex-basis-100 align-self-lg-start align-self-md-start align-self-start\">\n                <!---->\n                <div data-colibri-id=\"1781-c10\" class=\"h-text h-text-component style-1631 style-local-1781-c10 position-relative h-element\">\n                  <!---->\n                  <!---->\n                  <div class=\"\">\n                    <p>Wir sind rezertifiziert!<\/p>\n                    <p>\n                      <br>\n                    <\/p>\n                    <p>Durch die Kompensation mit Klimaschutzzertifikaten ist EA Ruby auch 2022 zum klimaneutralen Unternehmen zertifiziert. Der Klimawandel bleibt die gr\u00f6\u00dfte Herausforderung der Menschheit seit dem Ende der Eiszeit dar und ist die pr\u00e4gende\n                      Aufgabe unserer Zeit.<\/p>\n                    <p>\n                      <br>\n                    <\/p>\n                    <p>Ein Gelingen der Emissionsminderungen h\u00e4ngt ganz wesentlich von dem freiwilligen und konsequenten Handeln der Wirtschaft in den Industriel\u00e4ndern ab. So sind auch wir von EA Ruby bereit, Verantwortung f\u00fcr die Welt zu \u00fcbernehmen, die\n                      wir unseren Kindern und Enkeln \u00fcberlassen.<\/p>\n                    <p>Aus diesem Grund haben wir die Treibhausgasemissionen, die durch die T\u00e4tigkeiten unseres Unternehmens verursacht werden, erfassen lassen und durch den Erwerb von insgesamt 20 Klimaschutzzertifikaten f\u00fcr das Jahr 2022 ausgeglichen.<\/p>\n                    <p>\n                      <br>\n                    <\/p>\n                    <p>Wir unterst\u00fctzen das Projekt &#8222;VCS Waldschutz Peru&#8220;. Wir wirken damit der illegalen Abholzung des Waldes in Peru entgegen. Wir tragen bei zur Erhaltung der Artenvielfalt.<\/p>\n                    <p>Das Projekt tr\u00e4gt dazu bei, Initiativen zu entwickeln, die sowohl den Wert des gesunden Waldes als auch das Einkommen aus der nachhaltigen Ernte von Paran\u00fcssen steigern Kleinbauern werden so in die Lage versetzt, ihren Wald zu sch\u00fctzen\n                      und zu erhalten<\/p>\n                    <p>\n                      <br>\n                    <\/p>\n                    <p>Regionale Familien profitieren von einer sicheren Einkommensquelle Illegale Abholzung wird dadurch unattraktiv. Der ganzheitliche Ansatz des Projektes tr\u00e4gt zum nachhaltigen Schutz von ca 300 000 Hektar Regenwald bei und erzielt eine\n                      Einsparung von ca 2 Mio Tonnen Treibhausgasemissionen pro Jahr.<\/p>\n                    <p>\n                      <br>\n                    <\/p>\n                    <p>Die Klimabelastung unseres Unternehmens hat die Fokus Zukunft GmbH &amp; Co. KG f\u00fcr uns ermittelt: Unser CO2-Fu\u00dfabdruck betr\u00e4gt ca. 20 Tonnen CO2 \u00e4quivalente Schadstoffe pro Jahr. Zur Veranschaulichung: Im Durchschnitt verursacht ein\n                      Mensch in Deutschland pro Jahr in etwa 11,6 Tonnen CO2 durch seine Lebensf\u00fchrung.<\/p>\n                    <p>Treibhausgase verteilen sich gleichm\u00e4\u00dfig in der Atmosph\u00e4re. Deshalb ist es sinnvoll, die Emissionen dort zu vermeiden, wo die Kosten am geringsten sind. Zudem tragen Projekte in Schwellen- und Entwicklungsl\u00e4ndern zur Verbesserung der\n                      \u00f6konomischen, sozialen und \u00f6kologischen Situation bei und unterst\u00fctzen die Realisierung der Nachhaltigkeitsziele der Vereinten Nationen. F\u00fcr Schwellen- und Entwicklungsl\u00e4nder ist der Emissionshandel ein wesentlicher Treiber f\u00fcr den\n                      Transfer sauberer Technologien und einer nachhaltig ausgerichteten wirtschaftlichen Entwicklung.<\/p>\n                    <p>Die vorliegende Treibhausgasbilanz gibt einen transparenten \u00dcberblick \u00fcber den Aussto\u00df von Treibhausgasemissionen unseres Unternehmens. Der Bericht bildet somit einen wichtigen Baustein in unserem Klimaschutzengagement. Auf Basis der\n                      ermittelten Werte und durch den Kauf einer entsprechenden Menge an Klimazertifikaten wurde unser Unternehmen klimaneutral gestellt. F\u00fcr die Kompensation unserer Treibhausgase haben wir die Auszeichnung \u201eklimaneutrales Unternehmen\u201c\n                      erhalten.<\/p>\n                    <p>Damit ist unser Unternehmen eines der ersten in unserer Branche, das seine Emissionen nach dem \u201eClean-Development-Mechanism\u201c freiwillig kompensiert.<\/p>\n                    <p>\n                      <br>\n                    <\/p>\n                    <p>\n                      <br>\n                    <\/p>\n                    <p>\n                      <br>\n                    <\/p>\n                  <\/div>\n                <\/div>\n              <\/div>\n            <\/div>\n          <\/div>\n          <div class=\"h-column h-column-container d-flex h-col-lg-auto h-col-md-auto h-col-auto style-1630-outer style-local-1781-c11-outer\">\n            <div data-colibri-id=\"1781-c11\" class=\"d-flex h-flex-basis h-column__inner h-px-lg-2 h-px-md-2 h-px-2 v-inner-lg-2 v-inner-md-2 v-inner-2 style-1630 style-local-1781-c11 position-relative\">\n              <!---->\n              <!---->\n              <div class=\"w-100 h-y-container h-column__content h-column__v-align flex-basis-100 align-self-lg-start align-self-md-start align-self-start\">\n                <!---->\n                <div data-colibri-id=\"1781-c12\" class=\"h-x-container style-1632 style-local-1781-c12 position-relative h-element\">\n                  <!---->\n                  <div class=\"h-x-container-inner style-dynamic-1781-c12-group style-1632-spacing style-local-1781-c12-spacing\"><span class=\"h-link__outer style-1633-outer style-local-1781-c13-outer d-inline-flex h-element\"><a h-use-smooth-scroll=\"true\" href=\"https:\/\/earuby.com\/wp-content\/uploads\/2022\/01\/1915_Wald_Peru_VCS-CCB_868_SDG-Erweiterung.pdf\" target=\"_blank\" data-colibri-id=\"1781-c13\" class=\"d-flex w-100 align-items-center h-link style-1633 style-local-1781-c13 position-relative\" rel=\"noopener\"><!----><span  class=\"h-svg-icon h-link__icon style-1633-icon style-local-1781-c13-icon\"><!--Icon by Font Awesome (https:\/\/fontawesome.com)--><svg version=\"1.1\" xmlns=\"http:\/\/www.w3.org\/2000\/svg\" xmlns:xlink=\"http:\/\/www.w3.org\/1999\/xlink\" id=\"download\" viewBox=\"0 0 1664 1896.0833\"><path d=\"M1280 1344q0-26-19-45t-45-19-45 19-19 45 19 45 45 19 45-19 19-45zm256 0q0-26-19-45t-45-19-45 19-19 45 19 45 45 19 45-19 19-45zm128-224v320q0 40-28 68t-68 28H96q-40 0-68-28t-28-68v-320q0-40 28-68t68-28h465l135 136q58 56 136 56t136-56l136-136h464q40 0 68 28t28 68zm-325-569q17 41-14 70l-448 448q-18 19-45 19t-45-19L339 621q-31-29-14-70 17-39 59-39h256V64q0-26 19-45t45-19h256q26 0 45 19t19 45v448h256q42 0 59 39z\"><\/path><\/svg><\/span>                    <span>Waldschutz Peru<\/span><\/a>\n                    <\/span><span class=\"h-link__outer style-1634-outer style-local-1781-c14-outer d-inline-flex h-element\"><a h-use-smooth-scroll=\"true\" href=\"https:\/\/earuby.com\/wp-content\/uploads\/2022\/01\/FZ_urkunde_ea_ruby.pdf\" target=\"_blank\" data-colibri-id=\"1781-c14\" class=\"d-flex w-100 align-items-center h-link style-1634 style-local-1781-c14 position-relative\" rel=\"noopener\"><!----><span  class=\"h-svg-icon h-link__icon style-1634-icon style-local-1781-c14-icon\"><!--Icon by Font Awesome (https:\/\/fontawesome.com)--><svg version=\"1.1\" xmlns=\"http:\/\/www.w3.org\/2000\/svg\" xmlns:xlink=\"http:\/\/www.w3.org\/1999\/xlink\" id=\"download\" viewBox=\"0 0 1664 1896.0833\"><path d=\"M1280 1344q0-26-19-45t-45-19-45 19-19 45 19 45 45 19 45-19 19-45zm256 0q0-26-19-45t-45-19-45 19-19 45 19 45 45 19 45-19 19-45zm128-224v320q0 40-28 68t-68 28H96q-40 0-68-28t-28-68v-320q0-40 28-68t68-28h465l135 136q58 56 136 56t136-56l136-136h464q40 0 68 28t28 68zm-325-569q17 41-14 70l-448 448q-18 19-45 19t-45-19L339 621q-31-29-14-70 17-39 59-39h256V64q0-26 19-45t45-19h256q26 0 45 19t19 45v448h256q42 0 59 39z\"><\/path><\/svg><\/span>                    <span>EA Ruby Zertifikat<\/span><\/a>\n                    <\/span>\n                  <\/div>\n                <\/div>\n              <\/div>\n            <\/div>\n          <\/div>\n        <\/div>\n      <\/div>\n    <\/div>\n  <\/div>\n<\/div>","protected":false},"excerpt":{"rendered":"<p>Wir sind rezertifiziert! Durch die Kompensation mit Klimaschutzzertifikaten ist EA Ruby auch 2022 zum klimaneutralen Unternehmen zertifiziert. Der Klimawandel bleibt die gr\u00f6\u00dfte Herausforderung der Menschheit seit dem Ende der Eiszeit dar und ist die pr\u00e4gende Aufgabe unserer Zeit. Ein Gelingen der Emissionsminderungen h\u00e4ngt ganz wesentlich von dem freiwilligen und konsequenten Handeln der Wirtschaft in den [&hellip;]<\/p>\n","protected":false},"author":1,"featured_media":0,"parent":0,"menu_order":0,"comment_status":"closed","ping_status":"closed","template":"page-templates\/full-width-page.php","meta":{"footnotes":""},"class_list":["post-1781","page","type-page","status-publish","hentry"],"_links":{"self":[{"href":"https:\/\/earuby.com\/index.php?rest_route=\/wp\/v2\/pages\/1781","targetHints":{"allow":["GET"]}}],"collection":[{"href":"https:\/\/earuby.com\/index.php?rest_route=\/wp\/v2\/pages"}],"about":[{"href":"https:\/\/earuby.com\/index.php?rest_route=\/wp\/v2\/types\/page"}],"author":[{"embeddable":true,"href":"https:\/\/earuby.com\/index.php?rest_route=\/wp\/v2\/users\/1"}],"replies":[{"embeddable":true,"href":"https:\/\/earuby.com\/index.php?rest_route=%2Fwp%2Fv2%2Fcomments&post=1781"}],"version-history":[{"count":5,"href":"https:\/\/earuby.com\/index.php?rest_route=\/wp\/v2\/pages\/1781\/revisions"}],"predecessor-version":[{"id":1823,"href":"https:\/\/earuby.com\/index.php?rest_route=\/wp\/v2\/pages\/1781\/revisions\/1823"}],"wp:attachment":[{"href":"https:\/\/earuby.com\/index.php?rest_route=%2Fwp%2Fv2%2Fmedia&parent=1781"}],"curies":[{"name":"wp","href":"https:\/\/api.w.org\/{rel}","templated":true}]}}